pose -z = 25 - 5. Let j be z/50 + (-242)/u. Calculate the greatest common divisor of 120 and j.
24
Suppose 85*b - 45*b - 1590 + 150 = 0. What is the highest common factor of 4572 and b?
36
Let m(x) = -27*x**3 - 9*x**2 - 15*x + 28. Let p be m(-4). Calculate the highest common divisor of 88 and p.
88
Let f(a) = 6*a**2. Let n be f(3). Let s = n + -66. Let y be (-976)/s + (-10)/(-15). Calculate the greatest common divisor of 123 and y.
41
Let k(t) = 4*t**2 + 50*t - 93. Let u be k(-15). What is the highest common divisor of u and 1482?
57
Suppose -5*h + 44 = 19. Let k be (0 - h) + 9 + 0/6. What is the greatest common divisor of k and 9?
1
Let t(z) = -38*z - 112. Let u be t(-4). What is the highest common factor of 94 and u?
2
Let c = 173 + -175. Let t be ((-2)/3)/((-3715)/(-1860) + c). What is the highest common factor of t and 8?
8
Let y be (-325299)/(-325) + 24/300. Calculate the greatest common factor of y and 33.
11
Let x(h) be the third derivative of h**5/20 - 25*h**4/8 - 7*h**3/2 + 49*h**2 - 2*h. Let r be x(27). What is the greatest common divisor of 94 and r?
47
Suppose 0 = 2*p - 114 - 292. Suppose n - p - 317 = 0. Calculate the highest common factor of n and 52.
52
Let w = -286 + 288. Let l(d) = 152*d**2 - 11*d - 3. Let z be l(w). What is the highest common divisor of 22 and z?
11
Let t be (-56)/(-42)*(-4)/(16/(-6)). Suppose 3*c - 37 = -b, t*b = -b + 12. What is the greatest common factor of c and 44?
11
Let b(i) be the third derivative of i**4/2 - 6*i**3 - 2*i**2 - 3*i. Let h be b(6). Calculate the greatest common divisor of 18 and h.
18
Let m = -35708 - -35706. Suppose -4*c + 3*f = 27, -6*c + 3*c - 24 = -3*f. Let y be (m - 6)/(c - 393/(-132)). What is the highest common divisor of y and 44?
44
Let j(b) = 1144*b + 1167. Let n be j(-1). What is the highest common factor of n and 3381?
23
Let a be 1/(20/6 + -3). Let r = 1943 + -1323. Suppose -4 = -2*n, r + 1 = 3*m + a*n. What is the highest common divisor of 82 and m?
41
Let r(k) = 2*k + 9. Let c be (-3)/6*(1 + -1). Let i be r(c). Let v = i + 4. Calculate the highest common factor of v and 117.
13
Let a be (524/(-20))/((-67)/1005). What is the greatest common divisor of a and 917?
131
Let l be (-1)/((-2)/(-2*(-38)/(-2))). Let m(u) = -u**2 + 9*u + 9. Let b be m(10). Let i = b - l. What is the greatest common factor of i and 9?
9
Let m be 330/77 + 4/(-14). Suppose -m*v + 18 = -v. Suppose -2 = 2*u - v. What is the highest common divisor of u and 22?
2
Let n be 6 - (-7*(-11)/((-77)/(-6)) + -111). What is the highest common divisor of n and 5291?
37
Let g be (80100/(-525))/(2/(-7)*1). Calculate the greatest common factor of g and 178.
178
Let y(k) be the second derivative of 0 - 12*k - 3*k**2 + 2/3*k**3. Let b be y(4). What is the greatest common divisor of b and 5?
5
Let k(y) = 5*y - 34. Let r(c) = -13 - 15 + 27. Let s(a) = -2*k(a) - 6*r(a). Let t be s(6). Calculate the greatest common divisor of t and 49.
7
Let m(o) = 711*o**2 - 122*o - 254. Let b be m(-2). What is the highest common divisor of b and 91?
13
Suppose 0*p - 3*p + 120 = 0. Let u = -245 + 247. Suppose -u*l + 4*l + 3*b - 23 = 0, b + 39 = 4*l. What is the greatest common factor of l and p?
10
Let n(a) = -a**2 + 13*a - 6. Let p = 47 + -41. Let o be n(p). Calculate the greatest common divisor of 4 and o.
4
Suppose -3*y + 2*y + 52 = 0. Let t(i) = 4*i**2 - 295*i - 371. Let b be t(75). Calculate the greatest common factor of y and b.
4
Let x(c) = 0 + 13 + c**2 - 2*c - 10*c + 2*c. Let g be x(-9). Calculate the highest common factor of 23 and g.
23
Suppose 0 = 178*m - 6093 - 5299. Suppose 5*u = -415 + 6495. Calculate the highest common factor of m and u.
64
Let s = 350 - 348. Suppose 8 = -4*k, -16*z - s*k + 871 = -11*z. Calculate the highest common divisor of 105 and z.
35
Suppose 9*d - 16*d = -11144. Suppose 7*f - 5960 + d = 0. Let k be f/21 + 6/21. What is the greatest common divisor of 50 and k?
10
Let g = -47 - -55. Let t(p) = p + 9. Let c be t(g). Suppose 5*i + 756 = c*i. What is the greatest common divisor of i and 7?
7
Let n be 24486/6 - (1 + -1). What is the greatest common divisor of n and 77?
77
Let x be 34/1*(2 + (-4)/4). Let v(a) = a**3 + 14*a**2 + 4*a + 15. Let i be v(-14). Let o = i + 58. Calculate the greatest common divisor of x and o.
17
Let q be (12/9)/(6/(-9)). Let w be 6*(-1 - (-3)/q). Let k be w/(-1 + 3 - 5). Calculate the highest common divisor of k and 30.
5
Let p = -234 - -237. Let m be ((-42)/4)/(p/(-6)). Calculate the greatest common factor of 12 and m.
3
Suppose g - 5 = 5*y + 6, -2*y + 37 = -5*g. Let d(t) = -2 + 3 - t - 7 + 11. Let z be d(g). Calculate the greatest common factor of 21 and z.
7
Suppose -2*k + 3*w + 59 + 75 = 0, 0 = 5*k + 5*w - 310. Calculate the highest common divisor of 10 and k.
2
Let b be 204/(-48)*(0 - -60). Let u = -143 - b. Suppose 0 = -5*a + a + u. What is the greatest common factor of a and 56?
28
Let s be (-12)/180*-15*(-338)/(-2). Suppose 177*j - 784 = s*j. Calculate the highest common divisor of 224 and j.
14
Let w(x) = -x**3 - 21*x**2 - 68*x + 56. Let p be w(-17). Calculate the greatest common factor of p and 9688.
56
Suppose -42*x + 109 = 25. Let b(z) = 9*z**3 + 3*z**2 - 9*z + 9. Let v be b(x). What is the greatest common divisor of 5 and v?
5
Suppose -5*z + 4*w + 13089 - 5313 = 0, -z - w = -1566. Calculate the greatest common divisor of z and 160.
40
Let a(x) = -x**3 - 32*x**2 - 71*x - 230. Let f be a(-30). Calculate the highest common factor of 1660 and f.
20
Suppose -3 = -7*d - 143. Let p be (d/(-2))/((-14)/(-63)). Let k be ((-20)/(-6))/(10/p). Calculate the greatest common divisor of k and 30.
15
Let j = -1079 - -1111. Let l = 48 - 17. Suppose l = 5*f - 49. Calculate the greatest common divisor of f and j.
16
Let k be 202/2323 + 217394/23. What is the greatest common divisor of 68 and k?
68
Suppose 4*a + 4*y = 28, 9*a + 2*y = 4*a + 47. Let w = 966 - 922. What is the highest common divisor of a and w?
11
Let z(u) = -39*u + 1. Suppose 38*w + 5 = 37*w. Let d be z(w). What is the highest common divisor of 147 and d?
49
Let i(t) be the third derivative of 0 + 1/6*t**4 + 1/2*t**3 + 0*t + 7/20*t**5 - 7*t**2. Let g be i(-1). Calculate the greatest common factor of 60 and g.
20
Let z = 19 + -6. Let g be 15/z - 12/78. Let x be ((-2)/(4/(-18)))/g. Calculate the greatest common divisor of 6 and x.
3
Let n(c) = 13*c**3 + 273*c**2 + 43*c - 4. Let z be n(-18). What is the greatest common divisor of 14 and z?
14
Let g be -5*1770/4*(110/15 - 8). Calculate the greatest common divisor of g and 118.
59
Let r be -1*4/(-18) - (-145)/(-45). Let f be r/4 - (-455)/20. Calculate the highest common divisor of f and 198.
22
Let a be 638 - -9 - (-10)/(-2). Suppose a = -5*n - 858. Let s be (n/80)/(6/(-112)). Calculate the greatest common factor of 28 and s.
14
Suppose 4*l - 3*l = b + 185, -l - 5*b + 209 = 0. Let p = -171 + l. What is the greatest common factor of 45 and p?
9
Suppose -3*z + 81 = h, -4*z = -50*h + 48*h + 172. What is the greatest common factor of h and 630?
42
Let b(d) = 1 - 52 - 1 - 3*d. Let f be b(-26). What is the highest common divisor of 338 and f?
26
Let x = 103 - -216. Let q = 180580 - 180558. What is the highest common divisor of q and x?
11
Let l be (-56)/(-20)*(5 + 145). Let h be l/(60/9 - 6). What is the highest common divisor of h and 140?
70
Let c = 49 + 14. Suppose 2*q - 3*r = -330, -5*q + r + 128 = 953. Let u = 174 + q. What is the highest common factor of c and u?
9
Let c(o) = 24*o + 151. Let m be c(-7). Let h be (-1 + -269)/(m/68). Calculate the highest common factor of h and 60.
60
Suppose q - 5*p = 8 - 0, 0 = 5*q + p - 92. Suppose -68 = -3*a - 32. What is the greatest common factor of a and q?
6
Suppose -21*s + 24*s = -4*w + 1533, -w - s + 383 = 0. Let m be 12/(-5)*(-2 + -3). What is the highest common divisor of m and w?
12
Let w = 12489 + -11881. What is the highest common factor of 228 and w?
76
Suppose 13188 + 15612 = 8*f. Calculate the highest common factor of 18 and f.
18
Let m(y) = -2*y**2 + y + 9. Let h be (3*-2)/(14/(-4) + 3). Suppose -9*z = -h*z. Let x be m(z). What is the greatest common divisor of 81 and x?
9
Suppose 5*l - 127 = -4*f - 0*f, 0 = 4*f + 4*l - 132. Suppose -162 - f = -4*j. Calculate the highest common divisor of j and 2.
2
Let r(x) = x**2 - 17*x - 1